What is the highest common divisor of 2 and 38?
2
What is the highest common factor of 128 and 14336?
128
Calculate the highest common divisor of 11554 and 106.
106
What is the greatest common divisor of 540 and 81?
27
What is the highest common factor of 651 and 372?
93
Calculate the highest common factor of 16847 and 34.
17
Calculate the highest common factor of 180 and 6975.
45
What is the highest common factor of 68 and 4?
4
What is the highest common divisor of 228 and 171?
57
Calculate the highest common divisor of 21 and 4039.
7
What is the highest common factor of 57 and 3021?
57
Calculate the greatest common factor of 3000 and 675.
75
What is the highest common divisor of 55 and 671?
11
Calculate the greatest common factor of 1430 and 1573.
143
What is the highest common divisor of 6 and 486?
6
What is the highest common divisor of 5439 and 588?
147
Calculate the highest common factor of 32 and 440.
8
Calculate the greatest common divisor of 60 and 2265.
15
Calculate the greatest common divisor of 612 and 468.
36
What is the highest common divisor of 70 and 35?
35
What is the highest common divisor of 22 and 297?
11
What is the highest common divisor of 153 and 9?
9
Calculate the greatest common divisor of 5 and 157.
1
Calculate the highest common divisor of 492 and 24.
12
What is the highest common divisor of 1075 and 225?
25
Calculate the greatest common divisor of 36 and 612.
36
What is the highest common divisor of 26 and 2249?
13
Calculate the highest common divisor of 30 and 1480.
10
What is the greatest common factor of 2093 and 13?
13
What is the highest common divisor of 58 and 9715?
29
What is the highest common factor of 60 and 336?
12
What is the greatest common factor of 85 and 34?
17
Calculate the highest common factor of 244 and 61.
61
Calculate the greatest common factor of 1505 and 2580.
215
Calculate the highest common factor of 20 and 15220.
20
Calculate the highest common divisor of 17847 and 135.
27
Calculate the highest common divisor of 928 and 16.
16
Calculate the highest common factor of 10062 and 52.
26
What is the highest common factor of 5 and 39580?
5
Calculate the highest common factor of 205 and 164.
41
What is the greatest common divisor of 1989 and 272?
17
Calculate the highest common divisor of 496 and 651.
31
What is the highest common factor of 75 and 400?
25
Calculate the greatest common factor of 9 and 15.
3
Calculate the greatest common factor of 40 and 650.
10
Calculate the highest common factor of 65 and 663.
13
What is the greatest common factor of 78 and 1287?
39
What is the greatest common factor of 11 and 517?
11
What is the highest common factor of 21 and 33?
3
Calculate the greatest common factor of 3082 and 134.
134
What is the highest common factor of 1295 and 350?
35
Calculate the highest common factor of 2028 and 60.
12
What is the highest common divisor of 23914 and 44?
22
Calculate the highest common divisor of 310 and 1364.
62
Calculate the greatest common factor of 3285 and 81.
9
What is the highest common divisor of 28 and 4?
4
Calculate the greatest common divisor of 360 and 135.
45
What is the greatest common divisor of 40 and 320?
40
What is the highest common divisor of 28 and 182?
14
What is the greatest common divisor of 346 and 5?
1
What is the greatest common divisor of 168 and 2712?
24
Calculate the highest common factor of 396 and 1368.
36
What is the greatest common factor of 324 and 192?
12
What is the greatest common factor of 261 and 116?
29
Calculate the greatest common factor of 1393 and 28.
7
Calculate the greatest common factor of 820 and 260.
20
Calculate the greatest common divisor of 33 and 209.
11
What is the highest common factor of 1450 and 550?
50
Calculate the greatest common factor of 108 and 55296.
108
What is the greatest common divisor of 20 and 380?
20
What is the greatest common divisor of 6560 and 480?
160
What is the highest common divisor of 5 and 33?
1
Calculate the greatest common factor of 1102 and 783.
29
What is the greatest common factor of 143 and 28457?
143
What is the highest common divisor of 186 and 2139?
93
What is the highest common factor of 1495 and 91?
13
What is the greatest common divisor of 265 and 689?
53
Calculate the greatest common divisor of 4453 and 61.
61
What is the greatest common factor of 55 and 44?
11
What is the highest common divisor of 69 and 2001?
69
What is the highest common factor of 372 and 12?
12
Calculate the greatest common divisor of 13708 and 161.
23
Calculate the greatest common factor of 272 and 340.
68
What is the greatest common divisor of 784 and 1792?
112
What is the greatest common factor of 165 and 6501?
33
Calculate the greatest common divisor of 47 and 31.
1
Calculate the highest common factor of 1 and 5.
1
What is the highest common divisor of 6 and 354?
6
What is the greatest common factor of 30 and 15?
15
Calculate the greatest common factor of 8 and 132.
4
What is the greatest common factor of 216 and 96?
24
What is the greatest common factor of 1 and 1?
1
What is the greatest common divisor of 80 and 680?
40
What is the greatest common divisor of 9 and 36027?
9
Calculate the highest common factor of 37 and 259.
37
What is the greatest common factor of 5312 and 166?
166
What is the greatest common divisor of 72 and 18?
18
What is the greatest common divisor of 360 and 135?
45
What is the highest common factor of 81 and 10?
1
Calculate the highest common divisor of 378 and 70.
14
Calculate the greatest common divisor of 170 and 20.
10
What is the greatest common divisor of 954 and 1378?
106
What is the greatest common divisor of 3255 and 837?
93
Calculate the highest common divisor of 77 and 77.
77
Calculate the greatest common factor of 106 and 583.
53
What is the greatest common divisor of 25 and 775?
25
Calculate the greatest common divisor of 2 and 288.
2
What is the greatest common factor of 57 and 3648?
57
Calculate the greatest common factor of 14600 and 600.
200
What is the highest common divisor of 310 and 330?
10
Calculate the highest common factor of 8 and 404.
4
What is the highest common divisor of 801 and 36?
9
What is the greatest common factor of 84 and 784?
28
Calculate the highest common divisor of 15 and 60.
15
What is the greatest common divisor of 23 and 4577?
23
Calculate the highest common factor of 10 and 10590.
10
What is the highest common divisor of 72 and 708?
12
What is the highest common divisor of 152 and 19?
19
Calculate the greatest common factor of 747 and 13944.
249
What is the greatest common divisor of 6 and 2?
2
What is the greatest common divisor of 1930 and 110?
10
Calculate the greatest common divisor of 88 and 121.
11
Calculate the highest common factor of 50 and 18450.
50
Calculate the greatest common factor of 44 and 5819.
11
What is the greatest common divisor of 609 and 21?
21
Calculate the greatest common factor of 5523 and 42.
21
Calculate the highest common factor of 15784 and 16.
8
Calculate the greatest common divisor of 658 and 154.
14
What is the greatest common divisor of 456 and 13148?
76
Calculate the greatest common factor of 170 and 260.
10
Calculate the greatest common factor of 91 and 63.
7
What is the highest common factor of 6 and 366?
6
What is the greatest common factor of 2799 and 9?
9
Calculate the highest common factor of 28 and 52.
4
Calculate the greatest common divisor of 96 and 348.
12
What is the highest common factor of 763 and 7?
7
Calculate the greatest common factor of 55756 and 106.
106
What is the greatest common divisor of 248 and 48?
8
Calculate the highest common divisor of 1232 and 98.
14
Calculate the highest common factor of 16 and 1864.
8
Calculate the highest common factor of 2652 and 204.
204
What is the highest common factor of 10505 and 55?
55
What is the highest common factor of 2419 and 177?
59
Calculate the greatest common factor of 846 and 611.
47
Calculate the greatest common divisor of 231 and 105.
21
What is the highest common factor of 184 and 1863?
23
Calculate the greatest common divisor of 288 and 1056.
96
What is the highest common divisor of 110 and 10?
10
What is the highest common divisor of 205 and 82?
41
Calculate the highest common divisor of 7906 and 134.
134
What is the greates